p + 26 = 0. Let r = p + 49. What is the units digit of r?
3
Let l(v) be the second derivative of -1/12*v**4 + 7/6*v**3 + 0 - 3*v - 1/2*v**2. What is the units digit of l(6)?
5
Suppose -l = -4*l + 903. What is the units digit of l?
1
Let j = 2 + 1. What is the units digit of j?
3
Suppose y + d = 29, 4*y - y + d - 93 = 0. What is the units digit of y?
2
Let y = 20 - -3. Let n = y - 16. What is the units digit of n?
7
Let o = -16 - -36. Suppose o = 5*r - 15. What is the units digit of r?
7
Let w(g) = -g**3 + 8*g**2 - 4*g. Let v be (-6)/10 - (-76)/10. What is the units digit of w(v)?
1
Let i(w) = -w**2 + 12*w - 4. Let n be i(10). Suppose h + 5*o + 4 = -0*h, -h + 5*o + n = 0. What is the units digit of h?
6
Let v(u) = -u**2 + 5*u + 6. Let d be v(6). Let i(l) = -l**2 + l - 5. Let r(a) = -2*a**2 + 2*a - 9. Let b(s) = -7*i(s) + 3*r(s). What is the units digit of b(d)?
8
Suppose 2*b + 9 = -3*f, f + 0 = -2*b + 1. Let k = 11 - b. What is the units digit of k?
8
Let r(d) = -2*d - 7. Let y be r(-5). Suppose 0 = y*l + 3, -6*o - 4*l + 121 = -o. Suppose -o = 4*a - 9*a. What is the units digit of a?
5
Suppose 59 = s - 83. What is the hundreds digit of s?
1
Let v(b) = 10*b - 1. Let m be v(1). Let l be (-7)/4 + (-30)/(-40). Let g = m - l. What is the units digit of g?
0
Suppose 4*r = 3*f - 31, -2*f = -3*r - 12 - 10. Let v = 0 - r. What is the units digit of (4/(-10))/(v/(-80))?
8
Suppose 35*d - 37*d = -386. What is the tens digit of d?
9
Let p(j) = j**3 - 4*j + 3. Let z be p(3). Suppose 3*n = n + z. What is the units digit of n?
9
What is the tens digit of (1 + -2)*4 + 112?
0
Let g(o) = 6*o - 6. What is the tens digit of g(10)?
5
Let x = -7 + 12. Let k(n) = 7*n - 7. What is the tens digit of k(x)?
2
Suppose -4*r + 3*p + 17 = 0, -2*r + 8 + 8 = -4*p. Suppose 5*v = r*v + 93. Suppose x - 2*c = 2 + 15, -3*x + v = 4*c. What is the tens digit of x?
1
Let f be (1 - 2 - 4)*5. What is the tens digit of 471/15 + (-15)/f?
3
Let b(f) = 0 + 0 - 2 - f. Let v be b(-6). Suppose 4*g + 28 = -0*m + 3*m, -v*m - g = -31. What is the units digit of m?
8
Let g(j) = -4*j**3 + 2*j**2 - 2*j - 1. Let k be g(-2). Suppose -2*r = 3*n - 12, -4*r - k = -9*r - n. What is the units digit of r?
9
Suppose -70 = -2*u + 254. What is the hundreds digit of u?
1
Let h = 6 - 4. Suppose 42 = 3*z + 3*i, -h*z - i = -5*i - 28. What is the tens digit of -1 + -2 + z + 2?
1
Let m(a) be the first derivative of -a**2/2 - 2. What is the units digit of m(-5)?
5
Suppose -5*a = -a - 164. What is the units digit of a?
1
Suppose 1 + 34 = p. Suppose p = 5*h - i, i + 2*i + 15 = 0. What is the units digit of h?
6
Let w(y) = -y**2 + 17. Let u = 15 + -15. What is the units digit of w(u)?
7
Suppose -15 = l - 51. What is the units digit of l?
6
Let q(a) = -a**2 - 12*a - 15. Let u be q(-10). Suppose 165 - 45 = u*x. Let v = x - 14. What is the tens digit of v?
1
Let f be 6/(-4 - 36/(-8)). Suppose k - 35 + f = 0. What is the units digit of k?
3
Let z(w) = 3*w**3 + 2*w - 1. What is the units digit of z(1)?
4
Suppose 3 = 3*k - 0. Let u be -1 - -44 - k*-2. Suppose u = 3*l + 15. What is the tens digit of l?
1
Suppose -3*g = 5*c + 4, -c - 4 = -4*g + 3*g. What is the units digit of (192 - 4)/4 + g?
9
Suppose -w = -30 - 41. What is the tens digit of w?
7
Suppose -2*x + t + 198 = 0, 5*x - 105 = -3*t + 368. What is the units digit of x?
7
Let v(o) = 4*o - 9. What is the units digit of v(5)?
1
What is the units digit of 8/12 - 129/(-9)?
5
Let w(l) = -58*l**3 - 2*l - 1. What is the tens digit of w(-1)?
5
Suppose 2*u - s = 129, 5*u - 290 = -0*u - 4*s. What is the units digit of u?
2
Let q(u) = -5*u. Suppose 2*j - j - 3 = 0, 0 = 4*i + 4*j - 28. Let r be -1 - -2 - i - -2. What is the units digit of q(r)?
5
Let k be (-2)/(((-6)/93)/1). Let z = k - 15. What is the units digit of z?
6
Let v(m) = -m**2 - 6*m - 5. Let t be v(-3). Suppose -32 = x - 3*x. Let q = x - t. What is the units digit of q?
2
What is the units digit of 1*-219*3/(-9)?
3
Suppose 2*d + 4*s - 76 = 0, d + 22 = s + 69. Suppose r = 5*l - 12, 0 = 4*r - 2*l + 5*l - d. What is the units digit of r?
8
Suppose 4*l = m + l + 6, 2*l = m + 4. Suppose -5*j + m = -15. What is the units digit of j?
3
Let l be (-26)/(-8) - 18/(-24). Suppose -r + 12 = -l*r. What is the tens digit of 1/(r - -2)*-36?
1
Let j = -4 + 3. Let t = 4 + j. Suppose t*b = -1 + 28. What is the units digit of b?
9
Let u(h) be the third derivative of h**6/120 + 2*h**5/15 + 7*h**4/24 + h**3/3 + 2*h**2. Let p be u(-7). Let t = p - 1. What is the units digit of t?
1
Suppose 0 = -3*v - 0*v - 12, 5*b = 3*v + 32. Let z = 0 + b. What is the units digit of z?
4
Let g(v) = 3*v**2 - 7*v - 20. What is the units digit of g(12)?
8
Suppose -2*c = 5*r - 7, -c - 5*r + 2 = -4*c. Let i be (5 - (c + 2))*-4. What is the tens digit of (i + 1)/(3/(-9))?
2
Suppose -u = 2*h - 100, 0 = -2*u + 4*h + 271 - 55. What is the hundreds digit of u?
1
Suppose 78 = 2*z - 22. What is the tens digit of -2 + 4 + 2 + z?
5
Suppose p = 2*z - 31, -z + 4*p + 19 = -0*z. What is the units digit of z?
5
Suppose 1 = -5*l + 4*w - 4, -4*w = 5*l + 5. Suppose -4*b + 4 = -3*b. What is the units digit of b/(2 + l + 1)?
2
Let r(z) = 4*z**2 - 1. Let q be r(-1). Suppose -2*n - 5 = -q*s, 3*s - 7 - 6 = -2*n. Suppose 17 + s = 4*f. What is the units digit of f?
5
Let o(b) = -b**3 + 3*b + 1 - 2*b + 0*b + 0*b**3 + b**2. What is the units digit of o(0)?
1
Suppose 11 + 5 = -4*f, -3*f - 87 = -w. What is the tens digit of w?
7
Suppose -y + 3 = -1. Let z(i) = 3*i + 2 - y*i + 2*i. What is the units digit of z(3)?
5
Let c = 54 - 18. Suppose 0 = -i + 4*b + c, 0*b + 69 = 3*i + b. What is the units digit of i?
4
Suppose 0*x = 5*x - 4*d - 216, -208 = -5*x + 2*d. What is the units digit of x?
0
Let n(z) = -4*z - 34. What is the tens digit of n(-18)?
3
Let v(j) = j**3 - 6*j**2 + 2*j. What is the tens digit of v(6)?
1
Let c be -8 - (-16)/(7 - 3). Let k = 17 - c. What is the units digit of k?
1
Suppose 0 = 5*g + 4*v - 120, -5*g + 120 = v - 0*v. What is the tens digit of g?
2
Let q be ((-5)/4)/((-3)/(-12)). Let x(t) = -t**2 - 7*t + 1. Let l(g) = g**2 + 7*g - 2. Let o(m) = q*l(m) - 6*x(m). What is the units digit of o(-7)?
4
Suppose 1 + 1 = c. Let a be (1*-1)/(c/(-6)). Suppose 0*f - 27 = -3*l + a*f, -12 = -2*l - f. What is the units digit of l?
7
Suppose 3*q + 4 = 2*q, 0 = 2*g + 5*q + 12. Let x = 7 - g. Let d = 7 - x. What is the units digit of d?
4
Let c(x) = 20*x**3 + x**2 - 1. Let m = 1 - 0. Let p be c(m). Suppose p = -2*w + 4*w. What is the tens digit of w?
1
Let f(o) be the third derivative of 1/2*o**3 - 1/4*o**4 + o**2 + 1/60*o**5 + 0*o + 0. What is the tens digit of f(7)?
1
Suppose -7*l + 4*l = 6. Let m(g) = -8*g - 1. What is the units digit of m(l)?
5
Let z(g) = g - 1. Let k be z(-4). Let c = 2 + k. What is the units digit of 2 + -6*(c - -2)?
8
Let s(k) = -k + 2 + 2 - 3. What is the units digit of s(0)?
1
Suppose 3*x - w - 1 = 0, -2*w = 5*x - 0 + 2. Suppose 3*q - 9 + 3 = x. Suppose 7 = q*i - 15. What is the units digit of i?
1
Let b = -6 + 12. Suppose -b*n + n = -10. What is the units digit of n?
2
Let v(c) = 39*c**2 - c. What is the units digit of v(1)?
8
Suppose -8 = -h + v, 0 = -4*h - 2*v - v + 32. What is the units digit of h?
8
Let m = -5 - -10. Suppose -m*o - 2*i + 0*i = 5, 0 = o - 2*i + 1. What is the units digit of (-1 - -8)*(o - -2)?
7
Let i(p) = -9*p. Let g = -1 - -2. Let h be i(g). Let j(r) = -r - 7. What is the units digit of j(h)?
2
Suppose 0*c + 8 = -2*c + 4*w, 4*c - 3*w - 4 = 0. What is the units digit of c?
4
Let o(t) be the second derivative of t**3 + t**2/2 - t. What is the tens digit of o(5)?
3
Let i(c) = -c + 1. Let x(r) be the first derivative of -r**2/2 + 7*r - 1. Let s be x(9). What is the units digit of i(s)?
3
Let q be (4/(-2) + 2)/1. Suppose 9*f - 4*f - 20 = q. Suppose -f*g - 27 = -3*s, s + g + g = -1. What is the units digit of s?
5
Let u(y) = y - 8. Let t be u(9). Let o(w) = w. Let c be o(t). What is the units digit of (3 + 24)*c/3?
9
Let r(u) = -3*u**3 - 3*u**2 + 5*u + 2. Let p be r(-3). Let n = p + -29. What is the tens digit of n?
1
Suppose -4*y - y = 4*l - 580, -l + 162 = -3*y. What is the tens digit of l?
5
Let x = -63 - -94. What is the tens digit of x?
3
Let c(d) be the first derivative of d**3/3 + 5*d**2/2 + 2*d + 1. Let y be c(-4). What is the units dig